rue
Is 6103 a composite number?
True
Is 222001 a composite number?
True
Is 189463 composite?
False
Is 1494833 composite?
True
Is 1636997 composite?
False
Is 34415 a composite number?
True
Is 31511 composite?
False
Is 10301 a prime number?
True
Is 175223 composite?
True
Is 14317 composite?
True
Is 3079 prime?
True
Is 12869 a composite number?
True
Is 1883 a prime number?
False
Is 25969 prime?
True
Is 29819 a composite number?
False
Is 3421 prime?
False
Is 304477 a prime number?
True
Is 9979 prime?
False
Is 8039 composite?
False
Is 1399 a composite number?
False
Is 27923 composite?
True
Is 26389 prime?
False
Is 135637 composite?
False
Is 23015 a composite number?
True
Is 7729 a composite number?
True
Is 3027 a composite number?
True
Is 324713 prime?
False
Is 562661 a composite number?
True
Is 14719 a composite number?
True
Is 148021 composite?
False
Is 16649 a prime number?
True
Is 26351 prime?
False
Is 9277 prime?
True
Is 83339 a prime number?
True
Is 31687 a prime number?
True
Is 30829 a prime number?
True
Is 531071 prime?
True
Is 170081 prime?
True
Is 58831 prime?
True
Is 456371 a composite number?
True
Is 21269 composite?
False
Is 1363 a prime number?
False
Is 130519 a prime number?
False
Is 409 a prime number?
True
Is 532409 a prime number?
False
Is 51279 a composite number?
True
Is 6119 prime?
False
Is 647911 a composite number?
True
Is 703 prime?
False
Is 623291 prime?
True
Is 21439 prime?
False
Is 106847 prime?
False
Is 78077 prime?
False
Is 6469 a composite number?
False
Is 188569 a prime number?
False
Is 2581121 a composite number?
False
Is 1459703 a composite number?
True
Is 334319 composite?
False
Is 145385 a prime number?
False
Is 58831 a prime number?
True
Is 570449 a prime number?
False
Is 194359 composite?
True
Is 19003 a composite number?
True
Is 21377 a prime number?
True
Is 13001 prime?
True
Is 62039 a prime number?
True
Is 85402 a composite number?
True
Is 73009 a prime number?
True
Is 829289 prime?
True
Is 415463 a composite number?
True
Is 2629 a composite number?
True
Is 49091 a composite number?
True
Is 114997 composite?
False
Is 42737 a prime number?
True
Is 5981 composite?
False
Is 47053 a prime number?
False
Is 461431 composite?
True
Is 92129 prime?
False
Is 461845 a prime number?
False
Is 190751 a composite number?
True
Is 21859 a prime number?
True
Is 75271 composite?
True
Is 3763 composite?
True
Is 411527 composite?
False
Is 20323 a composite number?
False
Is 62119 composite?
False
Is 794 prime?
False
Is 8501 composite?
False
Is 93871 composite?
False
Is 160807 composite?
False
Is 18077 a composite number?
False
Is 209431 a composite number?
False
Is 739657 composite?
True
Is 68431 a prime number?
False
Is 169063 a composite number?
False
Is 30505 a composite number?
True
Is 489529 composite?
False
Is 104827 a composite number?
False
Is 1759 a composite number?
False
Is 71737 prime?
False
Is 263 composite?
False
Is 389 prime?
True
Is 3921863 a prime number?
False
Is 1178839 a prime number?
False
Is 424813 a composite number?
True
Is 19235 a prime number?
False
Is 263951 composite?
False
Is 3761 prime?
True
Is 105295 a composite number?
True
Is 737158 composite?
True
Is 13093 prime?
True
Is 424079 prime?
True
Is 105097 a prime number?
True
Is 1847 a composite number?
False
Is 19553 prime?
True
Is 82237 a composite number?
False
Is 80939 a prime number?
False
Is 543589 a prime number?
False
Is 103585 prime?
False
Is 317 composite?
False
Is 87829 a composite number?
True
Is 3151 composite?
True
Is 28169 a composite number?
True
Is 41493 a composite number?
True
Is 388727 a prime number?
True
Is 26023 prime?
False
Is 11566 a prime number?
False
Is 873413 composite?
True
Is 132151 a prime number?
True
Is 23423 composite?
True
Is 744409 a prime number?
True
Is 260317 a prime number?
True
Is 649561 composite?
True
Is 1151279 composite?
True
Is 815891 prime?
True
Is 105845 prime?
False
Is 31819 prime?
False
Is 36373 a composite number?
False
Is 2437 a prime number?
True
Is 4561 composite?
False
Is 37211 a composite number?
True
Is 53123 a prime number?
False
Is 26977 prime?
False
Is 1239643 a composite number?
False
Is 64882 composite?
True
Is 38431 a prime number?
True
Is 37211 a prime number?
False
Is 49817 composite?
True
Is 331658 a prime number?
False
Is 18505 prime?
False
Is 60657 composite?
True
Is 27947 composite?
False
Is 15046 a composite number?
True
Is 153199 composite?
True
Is 213485 a prime number?
False
Is 40286 prime?
False
Is 19939 prime?
False
Is 73237 prime?
True
Is 507466 composite?
True
Is 815 prime?
False
Is 56843 prime?
True
Is 38029 a composite number?
True
Is 8509 composite?
True
Is 293863 composite?
False
Is 52667 a prime number?
True
Is 22045 prime?
False
Is 512965 a composite number?
True
Is 998311 a prime number?
True
Is 80999 a composite number?
True
Is 29813 a composite number?
True
Is 56519 prime?
True
Is 1763 a prime number?
False
Is 1914883 a prime number?
True
Is 185357 prime?
False
Is 1397 a prime number?
False
Is 4121 a composite number?
True
Is 71453 prime?
True
Is 107039 prime?
False
Is 668549 composite?
True
Is 25582 composite?
True
Is 19711 prime?
False
Is 123323 a composite number?
False
Is 24439 a composite number?
False
Is 1283181 prime?
False
Is 81479 a composite number?
True
Is 186887 prime?
False
Is 485753 a composite number?
False
Is 9133 composite?
False
Is 396401 a composite number?
True
Is 114407 prime?
True
Is 43661 composite?
False
Is 39683 a composite number?
True
Is 646487 a composite number?
True
Is 25763 a prime number?
True
Is 25835 prime?
False
Is 627649 a prime number?
False
Is 10903 composite?
False
Is 5131 composite?
True
Is 14029 composite?
False
Is 16855 prime?
False
Is 107441 composite?
False
Is 750413 prime?
True
Is 313613 prime?
True
Is 91493 a composite number?
False
Is 953 a composite number?
False
Is 72679 a prime number?
True
Is 3827305 a composite number?
True
Is 126583 a prime number?
True
Is 61441 a prime number?
True
Is 269251 a composite number?
False
Is 1303565 prime?
False
Is 44633 a prime number?
True
Is 221021 a composite number?
False
Is 484019 a prime number?
True
Is 309113 a prime number?
False
Is 4373 composite?
False
Is 3361739 composite?
False
Is 25409 a prime number?
True
Is 23089 composite?
True
Is 166457 composite?
False
Is 1006351 prime?
True
Is 30237 composite?
True
Is 25657 prime?
True
Is 3821 prime?
True
Is 232955 composite?
True
Is 379 a prime number?
True
Is 3593 a prime number?
True
Is 169583 composite?
False
Is 29765 a composite number?
True
Is 827327 composite?
False
Is 1943 a prime number?
False
Is 13553 composite?
False
Is 453538 composite?
True
Is 57061 composite?
True
Is 9523 composite?
True
Is 21647 a composite number?
False
Is 29231 prime?
True
Is 51109 a composite number?
False
Is 5311 a composite number?
True
Is 2531 prime?
True
Is 249703 composite?
False
Is 454759 prime?
True
Is 257729 a prime number?
False
Is 20571 composite?
True
Is 50741 a composite number?
False
Is 562231 a prime number?
True
Is 65257 prime?
True
Is 248377 prime?
False
Is 914 a prime number?
False
Is 95619 a composite number?
True
Is 45707 a prime number?
True
Is 261817 a prime number?
False
Is 18451 composite?
False
Is 418553 prime?
True
Is 552635 a composite number?
True
Is 8651 a composite number?
True
Is 35759 a composite number?
False
Is 18947 prime?
True
Is 28403 composite?
False
Is 78467 composite?
False
Is 31307 composite?
False
Is 21621 composite?
True
Is 270397 prime?
False
Is 18933 prime?
False
Is 1811 a prime number?
True
Is 21806 a prime number?
False
Is 38173 a composite number?
True
Is 249433 a composite number?
False
Is 58997 a composite number?
False
Is 685291 composite?
True
Is 4049 a composite number?
False
Is 107833 composite?
True
Is 18199 prime?
True
Is 47933 a composite number?
False
Is 90583 a composite number?
False
Is 9527 a composite number?
True
Is 22853 a prime number?
True
Is 7249 prime?
False
Is 3089 a prime number?
True
Is 1188947 a composite number?
False
Is 1226179 prime?
True
Is 629 a composite number?
True
Is 440203 a prime number?
True
Is 34793 a prime number?
False
Is 2478011 a composite number?
False
Is 44471 prime?
False
Is 4091 a composite number?
False
Is 14437 a prime number?
True
Is 1571597 a prime n